{"id":79,"date":"2022-11-10T22:13:01","date_gmt":"2022-11-10T22:13:01","guid":{"rendered":"https:\/\/www.schulverein-reesenbuettel.de\/?page_id=79"},"modified":"2026-01-17T15:45:09","modified_gmt":"2026-01-17T14:45:09","slug":"projekte","status":"publish","type":"page","link":"https:\/\/www.schulverein-reesenbuettel.de\/index.php\/projekte\/","title":{"rendered":"Projekte \u00dcbersicht"},"content":{"rendered":"\n<p><strong>Verkehrserziehung:<\/strong><br>Besuch des Verkehrs\u00fcbungsplatzes in Bad Oldesloe<\/p>\n\n\n\n<p><strong>Vortragsreihe \u201eSchule im Gespr\u00e4ch\u201c:<\/strong><br>Aktuelle p\u00e4dagogische Themen werden auf einem Klassen\u00fcbergreifenden Elternabend von geladenen Referenten interessierten Eltern und Lehrkr\u00e4ften vorgestellt und diskutiert.<\/p>\n\n\n\n<p><strong>Mitmachtheater Verein \u201eDunkelziffer e.V.\u201c:<\/strong><br>Mit dem Pr\u00e4ventionsprojekt leistet Dunkelziffer einen wesentlichen Beitrag zur Verbesserung des Schutzes vor sexuellem Missbrauch. Das Projekt ist f\u00fcr Kinder, Eltern und Lehrkr\u00e4fte gedacht. Proben und Theaterauff\u00fchrungen erleichtern den Einstieg in ein Gespr\u00e4ch \u00fcber sexuellen Missbrauch. Ziel ist es, M\u00e4dchen und Jungen angemessen \u00fcber sexuelle Gewalt zu informieren, sie in ihrem Selbstbewusstsein zu st\u00e4rken und M\u00f6glichkeiten der Hilfe zu zeigen. Dies erleichtert den Kindern, \u00dcbergriffe, auch durch ihnen vertraute Personen, als solche zu erkennen und dar\u00fcber zu reden. Dieses Projekt findet f\u00fcr alle dritten Klassen im Rahmen des HSU-Unterrichts an jeweils drei Vormittagen statt.<\/p>\n\n\n\n<p>\u201e<strong>Defending\u201c Sicherheitsschulung f\u00fcr Kinder im Grundschulalter:<\/strong><br>Ziel der Schulung ist die Vermittlung von Verhaltensstrategien, deren Einsatz davor bewahren soll, durch Aggressoren in eine Gefahr f\u00fcr Gesundheit oder gar Leben zu kommen. Selbstverteidigungstechniken werden lediglich geschult, um in m\u00f6glichst vielen Situationen den Mut aufbringen zu k\u00f6nnen, bewusst und aktiv f\u00fcr sich einzustehen. Dieses Angebot richtet sich an Kinder aller Klassenstufen und findet eine Woche lang nachmittags statt. Die Teilnahme ist freiwillig.<\/p>\n\n\n\n<p><strong>Schulb\u00fccherei :<\/strong><br>Kauf neuer B\u00fccher und Medien f\u00fcr die Schulb\u00fccherei, die von sehr vielen Kindern genutzt wird.<\/p>\n\n\n\n<p><strong>Theaterauff\u00fchrung zum Halbschuljahr:<\/strong><br>Einmal im Schuljahr besuchen alle Klassen mit ihren Lehrkr\u00e4ften ein Theater. Einen Teil der Kosten tr\u00e4gt hier der Schulverein.<\/p>\n\n\n\n<p><strong>Vorfinanzierung neuer Mappen, Karten, Fotos, Buttons, T-Shirts:<\/strong><br>Mappen f\u00fcr die \u201eRanzenpost\u201c werden finanziert. Karten, Fotos, Buttons und T-Shirts mit dem Logo der Schule am Reesenb\u00fcttel werden vorfinanziert, die dann Kindern und ihren Eltern zum Verkauf angeboten werden.<\/p>\n\n\n\n<p><strong>Pausenspiele:<\/strong><br>Spielzeug f\u00fcr den Pausenhof als auch f\u00fcr die Klassenzimmer<\/p>\n\n\n\n<figure class=\"wp-block-image\"><img decoding=\"async\" src=\"http:\/\/fotos.verwaltungsportal.de\/seitengenerator\/05x_foerderverein_spiel.jpg\" alt=\"05x_foerderverein_spiel.jpg\" title=\"05x_foerderverein_spiel.jpg\"\/><\/figure>\n\n\n\n<p><strong>Kletterwand:<\/strong><br>Im Laufe des Jahres 2013 wurde eine Kletterwand an der gro\u00dfen Turnhalle errichtet, die sowohl in den Pausen, als auch im Unterricht genutzt werden kann.<\/p>\n\n\n\n<p><strong>Unterrichtsmaterial:<\/strong><br>Die Schule wurde und wird regelm\u00e4\u00dfig bei der Beschaffung von zus\u00e4tzlichem Unterrichtsmaterial unterst\u00fctzt, welches \u00fcber die \u201eStandardausstattung\u201c hinausgeht.<\/p>\n\n\n\n<p><strong>Gr\u00fcnes Klassenzimmer \/ Cajons \/ Waveboards:<\/strong><br>Mit Unterst\u00fctzung des Schulvereins konnte die Schule in den vergangenen Jahren Materialien anschaffen, die auch au\u00dfergew\u00f6hnliche Unterrichtserfahrungen erm\u00f6glichen:<\/p>\n\n\n\n<ul class=\"wp-block-list\">\n<li>robuste Picknicktische f\u00fcr das \u201eGr\u00fcne Klassenzimmer\u201c<\/li>\n\n\n\n<li>Cajons (Kistentrommel) f\u00fcr den Musikunterricht<\/li>\n\n\n\n<li>Waveboards f\u00fcr den Sportunterricht.<\/li>\n<\/ul>\n\n\n\n<figure class=\"wp-block-image\"><img decoding=\"async\" src=\"http:\/\/fotos.verwaltungsportal.de\/seitengenerator\/wave.jpg\" alt=\"wave.jpg\" title=\"wave.jpg\"\/><\/figure>\n\n\n\n<p><strong>Lesungen von Kinder-Buchautoren f\u00fcr die 3. und 4. Klassen:<\/strong><br>In den vergangenen Jahren wurden dank der Mithilfe des Schulvereins Lesungen von bekannten Kinderbuchautoren wie Jens Rassmus, Werner F\u00e4rber, Ursel Scheffer an der Schule durchgef\u00fchrt. Gerade f\u00fcr unsere Sch\u00fclerinnen und Sch\u00fcler der 3. und 4. Klassen war die Begegnung mit einem \u201eechten Schriftsteller\u201c ein beeindruckendes Erlebnis.<\/p>\n\n\n\n<p><strong>English Theatre:<\/strong><br>Das \u201eTheater Brausepulver\u201c kommt im Rahmen des Englischunterrichts in die Reesenb\u00fcttelschule: \u201eEnglisches&nbsp;Theater&nbsp;bietet&nbsp;eine intensive, ganzheitliche und authentische Begegnung mit der neuen Sprache.\u201c (Theater Brausepulver)<\/p>\n\n\n\n<p><strong>Druckkosten der Sch\u00fclerzeitung \u201eDer neue Reesenb\u00fcttler\u201c:<\/strong><br>Die allseits beliebte Schulzeitung \u201eDer Reesenb\u00fcttler\u201c wird dankenswerter Weise inzwischen als Sch\u00fcler-AG fortgef\u00fchrt. Der Schulverein sorgt durch die \u00dcbernahme der Druckkosten f\u00fcr die finanzielle Sicherheit des Projektes.<\/p>\n\n\n\n<p><strong>Kunstprojekte:<\/strong><br>Mosaik AG: Frau St\u00f6lzel hat die langen kahlen Flure im Hauptgeb\u00e4ude mit Hilfe der Kinder aus der Mosaik-AG zu einem Raum gestaltet, in dem sich Kinder wohlf\u00fchlen.<\/p>\n\n\n\n<figure class=\"wp-block-image\"><img decoding=\"async\" src=\"http:\/\/fotos.verwaltungsportal.de\/seitengenerator\/05x_foerderverein_kunst.jpg\" alt=\"05x_foerderverein_kunst.jpg\" title=\"05x_foerderverein_kunst.jpg\"\/><\/figure>\n\n\n\n<figure class=\"wp-block-image\"><img decoding=\"async\" src=\"http:\/\/fotos.verwaltungsportal.de\/seitengenerator\/05x_foerderverein_mosaik.jpg\" alt=\"05x_foerderverein_mosaik.jpg\" title=\"05x_foerderverein_mosaik.jpg\"\/><\/figure>\n\n\n\n<p><strong>Schulbegleitung:<\/strong><br>Mitgliedsbeitrag f\u00fcr den Verein zur Schulbegleitung<br>Die Schulbegleitung unterst\u00fctzt Kinder und Jugendliche mit herausforderndem Verhalten w\u00e4hrend der Schulzeit vor, w\u00e4hrend und nach der Schule angepasst an die Bed\u00fcrfnisse des Sch\u00fclers.<\/p>\n\n\n\n<p>Sie soll den Betreffenden zur selbst\u00e4ndigen, angemessenen Teilhabe am Schulleben f\u00fchren. Mittlerweile wurden damit sehr gute Erfahrungen gesammelt. Nicht nur die Kinder, sondern auch Lehrkr\u00e4fte, Eltern, Mitsch\u00fclerinnen und Mitsch\u00fcler profitieren von diesem Angebot.<\/p>\n\n\n\n<p><strong>Zusch\u00fcsse f\u00fcr bed\u00fcrftige Sch\u00fclerinnen und Sch\u00fcler:&nbsp;<\/strong>Bei Bedarf wurden bed\u00fcrftige Eltern und ihre Kinder unterst\u00fctzt, um Ausfl\u00fcge bzw. Klassenfahrten zur erm\u00f6glichen.<\/p>\n\n\n\n<p><strong>Folgende Anschaffungen der letzten Jahre durch den Schulverein zum Wohle aller werden von den Sch\u00fclerinnen und Sch\u00fcler der Grundschule Am Reesenb\u00fcttel genutzt: <\/strong><\/p>\n\n\n\n<ul class=\"wp-block-list\">\n<li>Rollbretter in der Sporthalle<\/li>\n\n\n\n<li>Basketballst\u00e4nder<\/li>\n\n\n\n<li>Softb\u00e4lle j\u00e4hrlich pro Klasse<\/li>\n\n\n\n<li>Klassenspielger\u00e4te f\u00fcr die Pause<\/li>\n\n\n\n<li>Kletterger\u00e4te<\/li>\n\n\n\n<li>Tonbrennofen<\/li>\n\n\n\n<li>Elektroherd f\u00fcr Weihnachtsb\u00e4ckerei<\/li>\n\n\n\n<li>Bilderrahmen auf den Fluren<\/li>\n\n\n\n<li>Aquarium im Aquariumraum mit Zubeh\u00f6r<\/li>\n\n\n\n<li>Spiele, Karteien, Taschenrechner, Computer und Zubeh\u00f6r<\/li>\n\n\n\n<li>Schullogo an der Schulfront und als Fahne<\/li>\n\n\n\n<li>Sammelmappen f\u00fcr Schulanf\u00e4nger<\/li>\n\n\n\n<li>Grillger\u00e4te f\u00fcr Klassenfeste<\/li>\n\n\n\n<li>Verst\u00e4rkeranlage in der Turnhalle<\/li>\n\n\n\n<li>Regale f\u00fcr den Werkraum<\/li>\n\n\n\n<li>B\u00fccher f\u00fcr die Schulb\u00fccherei<\/li>\n\n\n\n<li>Pokale f\u00fcr das Hallensportfest<\/li>\n\n\n\n<li>Preise f\u00fcr Radfahrpr\u00fcfung der 4. Klassen<\/li>\n\n\n\n<li>Pflanzen f\u00fcr den Schulhof<\/li>\n\n\n\n<li>Liftfasss\u00e4ule<\/li>\n\n\n\n<li>Kassettenrecorder f\u00fcr alle Klassen \u2013 usw.<\/li>\n<\/ul>\n\n\n\n<p><\/p>\n","protected":false},"excerpt":{"rendered":"<p>Verkehrserziehung:Besuch des Verkehrs\u00fcbungsplatzes in Bad Oldesloe Vortragsreihe \u201eSchule im Gespr\u00e4ch\u201c:Aktuelle p\u00e4dagogische Themen werden auf einem Klassen\u00fcbergreifenden Elternabend von geladenen Referenten interessierten Eltern und Lehrkr\u00e4ften vorgestellt und diskutiert. Mitmachtheater Verein \u201eDunkelziffer e.V.\u201c:Mit dem Pr\u00e4ventionsprojekt leistet Dunkelziffer einen wesentlichen Beitrag zur Verbesserung des Schutzes vor sexuellem Missbrauch. Das Projekt ist f\u00fcr Kinder, Eltern und Lehrkr\u00e4fte gedacht. Proben [&hellip;]<\/p>\n","protected":false},"author":1,"featured_media":0,"parent":0,"menu_order":0,"comment_status":"closed","ping_status":"closed","template":"","meta":{"footnotes":""},"class_list":["post-79","page","type-page","status-publish","hentry"],"_links":{"self":[{"href":"https:\/\/www.schulverein-reesenbuettel.de\/index.php\/wp-json\/wp\/v2\/pages\/79","targetHints":{"allow":["GET"]}}],"collection":[{"href":"https:\/\/www.schulverein-reesenbuettel.de\/index.php\/wp-json\/wp\/v2\/pages"}],"about":[{"href":"https:\/\/www.schulverein-reesenbuettel.de\/index.php\/wp-json\/wp\/v2\/types\/page"}],"author":[{"embeddable":true,"href":"https:\/\/www.schulverein-reesenbuettel.de\/index.php\/wp-json\/wp\/v2\/users\/1"}],"replies":[{"embeddable":true,"href":"https:\/\/www.schulverein-reesenbuettel.de\/index.php\/wp-json\/wp\/v2\/comments?post=79"}],"version-history":[{"count":5,"href":"https:\/\/www.schulverein-reesenbuettel.de\/index.php\/wp-json\/wp\/v2\/pages\/79\/revisions"}],"predecessor-version":[{"id":265,"href":"https:\/\/www.schulverein-reesenbuettel.de\/index.php\/wp-json\/wp\/v2\/pages\/79\/revisions\/265"}],"wp:attachment":[{"href":"https:\/\/www.schulverein-reesenbuettel.de\/index.php\/wp-json\/wp\/v2\/media?parent=79"}],"curies":[{"name":"wp","href":"https:\/\/api.w.org\/{rel}","templated":true}]}}